34?
2, 4217
List the prime factors of 4410.
2, 3, 5, 7
What are the prime factors of 6793?
6793
What are the prime factors of 336?
2, 3, 7
List the prime factors of 60396.
2, 3, 7, 719
List the prime factors of 23809.
29, 821
List the prime factors of 34808.
2, 19, 229
What are the prime factors of 78250?
2, 5, 313
What are the prime factors of 24407?
24407
List the prime factors of 28191.
3, 9397
List the prime factors of 8157.
3, 2719
List the prime factors of 1011.
3, 337
What are the prime factors of 9209?
9209
List the prime factors of 14416.
2, 17, 53
What are the prime factors of 3970?
2, 5, 397
What are the prime factors of 1618?
2, 809
What are the prime factors of 20910?
2, 3, 5, 17, 41
What are the prime factors of 22292?
2, 5573
What are the prime factors of 2995?
5, 599
List the prime factors of 3033.
3, 337
What are the prime factors of 11490?
2, 3, 5, 383
What are the prime factors of 109715?
5, 21943
What are the prime factors of 5944?
2, 743
List the prime factors of 20684.
2, 5171
What are the prime factors of 11716?
2, 29, 101
What are the prime factors of 13832?
2, 7, 13, 19
What are the prime factors of 19001?
19001
What are the prime factors of 55362?
2, 3, 9227
What are the prime factors of 10387?
13, 17, 47
What are the prime factors of 1408?
2, 11
What are the prime factors of 9208?
2, 1151
List the prime factors of 98070.
2, 3, 5, 7, 467
List the prime factors of 11624.
2, 1453
What are the prime factors of 174546?
2, 3, 9697
What are the prime factors of 226?
2, 113
What are the prime factors of 2243?
2243
List the prime factors of 4040.
2, 5, 101
List the prime factors of 27058.
2, 83, 163
What are the prime factors of 1922?
2, 31
What are the prime factors of 547?
547
What are the prime factors of 294?
2, 3, 7
List the prime factors of 69550.
2, 5, 13, 107
What are the prime factors of 11790?
2, 3, 5, 131
What are the prime factors of 1768?
2, 13, 17
What are the prime factors of 933?
3, 311
What are the prime factors of 12525?
3, 5, 167
List the prime factors of 40742.
2, 13, 1567
What are the prime factors of 3073?
7, 439
What are the prime factors of 374?
2, 11, 17
What are the prime factors of 2789?
2789
What are the prime factors of 641?
641
What are the prime factors of 1066?
2, 13, 41
List the prime factors of 4035.
3, 5, 269
What are the prime factors of 2539?
2539
List the prime factors of 6204.
2, 3, 11, 47
List the prime factors of 855.
3, 5, 19
What are the prime factors of 20722?
2, 13, 797
What are the prime factors of 1939?
7, 277
What are the prime factors of 150802?
2, 75401
What are the prime factors of 1154?
2, 577
What are the prime factors of 87790?
2, 5, 8779
List the prime factors of 4800.
2, 3, 5
What are the prime factors of 19632?
2, 3, 409
List the prime factors of 15072.
2, 3, 157
List the prime factors of 26163.
3, 17, 19
What are the prime factors of 576?
2, 3
What are the prime factors of 739?
739
List the prime factors of 3114.
2, 3, 173
List the prime factors of 4409.
4409
List the prime factors of 1466.
2, 733
List the prime factors of 573.
3, 191
List the prime factors of 2402.
2, 1201
List the prime factors of 3620.
2, 5, 181
List the prime factors of 2155.
5, 431
List the prime factors of 2822.
2, 17, 83
List the prime factors of 49315.
5, 7, 1409
What are the prime factors of 126604?
2, 31, 1021
What are the prime factors of 901?
17, 53
List the prime factors of 456.
2, 3, 19
What are the prime factors of 4102?
2, 7, 293
List the prime factors of 1497.
3, 499
List the prime factors of 134.
2, 67
What are the prime factors of 5113?
5113
List the prime factors of 3618.
2, 3, 67
What are the prime factors of 13977?
3, 1553
What are the prime factors of 30244?
2, 7561
List the prime factors of 1279.
1279
List the prime factors of 1365.
3, 5, 7, 13
List the prime factors of 7786.
2, 17, 229
What are the prime factors of 33968?
2, 11, 193
List the prime factors of 1877.
1877
What are the prime factors of 11143?
11, 1013
List the prime factors of 1408.
2, 11
List the prime factors of 3061.
3061
List the prime factors of 337.
337
What are the prime factors of 597?
3, 199
What are the prime factors of 2261?
7, 17, 19
List the prime factors of 54747.
3, 7, 11, 79
What are the prime factors of 4514?
2, 37, 61
What are the prime factors of 12284?
2, 37, 83
What are the prime factors of 149056?
2, 17, 137
What are the prime factors of 25445?
5, 7, 727
List the prime factors of 170318.
2, 85159
What are the prime factors of 1027?
13, 79
List the prime factors of 4692.
2, 3, 17, 23
List the prime factors of 4713.
3, 1571
What are the prime factors of 3867?
3, 1289
What are the prime factors of 3378?
2, 3, 563
List the prime factors of 13917.
3, 4639
List the prime factors of 9594.
2, 3, 13, 41
List the prime factors of 91432.
2, 11, 1039
List the prime factors of 1851.
3, 617
List the prime factors of 4287.
3, 1429
List the prime factors of 27163.
23, 1181
What are the prime factors of 7384?
2, 13, 71
What are the prime factors of 1007?
19, 53
List the prime factors of 1548.
2, 3, 43
List the prime factors of 19523.
7, 2789
List the prime factors of 6644.
2, 11, 151
List the prime factors of 565.
5, 113
List the prime factors of 6636.
2, 3, 7, 79
List the prime factors of 5126.
2, 11, 233
List the prime factors of 6611.
11, 601
What are the prime factors of 7215?
3, 5, 13, 37
What are the prime factors of 7104?
2, 3, 37
What are the prime factors of 7982?
2, 13, 307
List the prime factors of 1768.
2, 13, 17
What are the prime factors of 606?
2, 3, 101
List the prime factors of 16739.
19, 881
List the prime factors of 1551.
3, 11, 47
What are the prime factors of 452?
2, 113
What are the prime factors of 111?
3, 37
List the prime factors of 17175.
3, 5, 229
List the prime factors of 2983.
19, 157
List the prime factors of 1711.
29, 59
What are the prime factors of 3029?
13, 233
List the prime factors of 846.
2, 3, 47
What are the prime factors of 44501?
44501
List the prime factors of 82.
2, 41
What are the prime factors of 6601?
7, 23, 41
What are the prime factors of 169551?
3, 18839
What are the prime factors of 5353?
53, 101
What are the prime factors of 31660?
2, 5, 1583
List the prime factors of 80877.
3, 26959
What are the prime factors of 2515?
5, 503
What are the prime factors of 822?
2, 3, 137
What are the prime factors of 40075?
5, 7, 229
What are the prime factors of 439?
439
List the prime factors of 6211.
6211
What are the prime factors of 455?
5, 7, 13
List the prime factors of 15777.
3, 1753
List the prime factors of 7753.
7753
List the prime factors of 90.
2, 3, 5
List the prime factors of 10188.
2, 3, 283
What are the prime factors of 26039?
13, 2003
List the prime factors of 4696.
2, 587
List the prime factors of 807.
3, 269
List the prime factors of 3348.
2, 3, 31
List the prime factors of 5472.
2, 3, 19
List the prime factors of 9582.
2, 3, 1597
List the prime factors of 1527.
3, 509
What are the prime factors of 64225?
5, 7, 367
List the prime factors of 11357.
41, 277
What are the prime factors of 25209?
3, 2801
List the prime factors of 3971.
11, 19
What are the prime factors of 1305?
3, 5, 29
List the prime factors of 50713.
13, 47, 83
List the prime factors of 38.
2, 19
List the prime factors of 400.
2, 5
List the prime factors of 513.
3, 19
What are the prime factors of 50825?
5, 19, 107
What are the prime factors of 213?
3, 71
What are the prime factors of 10930?
2, 5, 1093
What are the prime factors of 81492?
2, 3, 6791
What are the prime factors of 11714?
2, 5857
List the prime factors of 7878.
2, 3, 13, 101
What are the prime factors of 7122?
2, 3, 1187
List the prime factors of 2892.
2, 3, 241
What are the prime factors of 1033?
1033
What are the prime factors of 4438?
2, 7, 317
List the prime factors of 2820.
2, 3, 5, 47
List the prime factors of 484.
2, 11
List the prime factors of 8201.
59, 139
What are the prime factors of 26156?
2, 13, 503
List the prime factors of 15392.
2, 13, 37
List the prime factors of 51442.
2, 17, 89
What are the prime factors of 2649?
3, 883
List the prime factors of 5590.
2, 5, 13, 43
What are the prime factors of 3651?
3, 1217
List the prime factors of 1328.
2, 83
List the prime factors of 46156.
2, 11, 1049
What are the prim